ose -u = -4*c - 31. Calculate the highest common factor of 88 and c.
11
Let p = 73 + -62. Suppose -5 = -4*u + p. Calculate the greatest common factor of 14 and u.
2
Let h be 4 - 3*(-920)/24. Calculate the highest common divisor of h and 51.
17
Suppose -14 + 4 = -2*i. Let p(l) = 3*l + 9. Let v be p(i). Let k be (-22)/(-6) - (-4)/(-6). What is the greatest common factor of v and k?
3
Let o = -284 + 294. What is the greatest common divisor of o and 30?
10
Let x be 39/5 - (-14)/70. Let o = -23 - -31. What is the greatest common factor of x and o?
8
Let l be 265/4 - (6 + 161/(-28)). Let y be 7/2*(10 + -8). Let f(q) = -q**3 + 8*q**2 - 6*q - 1. Let j be f(y). Calculate the greatest common divisor of l and j.
6
Let x(g) = -g**2 - 12*g - 9. Let s = -3 + -8. Let d be x(s). Let y be -10*(d - (-46)/(-4)). Calculate the highest common factor of 19 and y.
19
Let z be -12 - 12/(15/5). Let f = z + 26. Suppose -2*h = 4*m - 8, h + 2 - 4 = -m. What is the greatest common factor of m and f?
2
Let j be 22*(-15)/50*5. Let r = j - -66. Suppose -2*l + 88 = 2*l. Calculate the highest common divisor of l and r.
11
Suppose l - 3*w = 54 + 286, 4*l + 5*w = 1343. Let s = -211 + l. Calculate the highest common divisor of s and 18.
18
Let o = -21 + 24. Suppose o*m + 14 = -10. Let b be 16/(-2 + (-4 - m)). What is the highest common factor of b and 64?
8
Suppose -5*m + m = 0. Suppose -d + 1 + 6 = m. Let k be 27/6*(d + -3). What is the highest common factor of 27 and k?
9
Let f be -8 + (-7 + 3)/(-1). Let c be ((-6)/(-9))/(f/(-648)). What is the highest common factor of c and 27?
27
Let r = -54 - -51. Let g = r - -28. Calculate the highest common divisor of g and 200.
25
Let v(b) = -b**2 + 37*b - 69. Let o be v(34). Calculate the highest common divisor of o and 539.
11
Let k(g) = -g**3 - 6*g**2 + g - 22. Let s be k(-7). Let z = -28 + 15. Let w = s - z. What is the greatest common factor of w and 3?
3
Let g = -2357 + 5557. Calculate the highest common factor of 100 and g.
100
Let y be 21*(2 - 8/(-6)). Suppose 11 = 4*z + 3. Suppose n - 30 = -z. What is the greatest common factor of n and y?
14
Suppose 3*x = -5*g + 58, -x - 4*g + 22 = -g. What is the highest common factor of x and 272?
16
Let w be (65 + -1)*(-36)/(-16). Suppose -10*l - w = -12*l. What is the highest common factor of 9 and l?
9
Let g be (-5)/(-10)*(118 + 4). Suppose 0 = 3*r - 5*d - g, -d + 11 = r - 5*d. Calculate the greatest common divisor of r and 18.
9
Suppose 2*g + 4*a - 152 = -2*g, 0 = 5*g + 3*a - 194. Suppose -4*h + 2*h = -g. What is the highest common factor of 100 and h?
20
Suppose -177 = -3*f + 2*b - 30, -2*b - 53 = -f. Calculate the greatest common divisor of f and 1.
1
Let u be 1 + 57762/54 + (-2)/(-6). What is the greatest common factor of u and 63?
63
Let g(x) = 3*x - 11. Let i be g(4). What is the greatest common factor of 25 and i?
1
Let r = 32 + -19. Let x(m) = 4*m - 9. Let c be x(6). Suppose 50 = 5*i - c. Calculate the greatest common factor of i and r.
13
Let i(z) = 2*z**2 + 27*z + 137. Let g be i(-5). What is the highest common divisor of 572 and g?
52
Suppose 9*c + 93 = 6*c. Let t = c + 16. Let m(d) = -11*d - 32. Let n be m(t). What is the greatest common factor of n and 19?
19
Let h(w) = -3*w**2 + 26*w + 27. Let o be h(9). What is the greatest common divisor of 42 and o?
6
Suppose 0 = -47*k - k + 528. What is the greatest common factor of 528 and k?
11
Let r(g) = -g**2 + 6*g - 8. Let j be r(2). Suppose -2*k - 4*v + 140 = j, 6*k - 329 = k - 3*v. Calculate the highest common divisor of k and 32.
32
Suppose -471 = -10*n - 71. What is the highest common divisor of 780 and n?
20
Suppose 3*n + 2*n = 10. Suppose 2*i = -n*i + 100. What is the highest common divisor of 200 and i?
25
Let d be (-6)/14 - (-7 + (-8592)/56). What is the highest common factor of 140 and d?
20
Let u(f) = -f**2 + 3*f + 5. Let j be u(4). Let k be 0 + 4/10 - (2 - 18/5). What is the highest common factor of k and j?
1
Let y = -3 + -2. Let d = -2 - y. Let j be 2 + ((-90)/d)/(-2). Calculate the highest common factor of 34 and j.
17
Suppose -76*w + 13*w + 2268 = 0. What is the greatest common divisor of w and 3?
3
Let s be -2*7 + (-3)/(-3). Let y = s - -79. What is the greatest common factor of 6 and y?
6
Let g = 37 - 29. Suppose -g*l + 47 + 33 = 0. What is the highest common factor of l and 30?
10
Let z = 72 - 62. Let c be -2 - 64/6*(-15)/z. What is the greatest common factor of c and 126?
14
Suppose 3*k = -53 + 83. Let h be 2/3 + 418/(-6). Let f = -49 - h. What is the highest common divisor of f and k?
10
Let p be ((-342)/8)/((-2)/8). Let w be 1/1 - (-7)/(-7). Suppose j - 3*n - 4 = w, 2*n = -3*j + 4*n + 47. Calculate the highest common divisor of p and j.
19
Let y be (68/3)/((-15)/45). Let n = 80 + y. Let r(u) = -2*u**3 - 7*u**2 + 7*u - 6. Let a be r(-6). What is the greatest common divisor of n and a?
12
Let l = 1018 + -608. Calculate the highest common factor of l and 10.
10
Let m = 167 - 48. What is the greatest common divisor of m and 68?
17
Let m(o) = -o**3 - 12*o**2 + 4*o + 37. Let s be m(-12). Let b(h) = -8*h - 76. Let v be b(s). Calculate the highest common divisor of v and 20.
4
Let q be (4 - 9 - -24) + 2. Let i(a) = 5*a**2 - 7*a + 9. Let m be i(6). Calculate the greatest common factor of q and m.
21
Suppose 0 = 5*u - 3*c - 238, 1 = -2*c - 1. Let m = u - 41. What is the greatest common factor of 3 and m?
3
Suppose -3*p = -4*p + 12. Let k(m) = m**2 - 13*m + 5. Let z be k(p). Let i be ((-7)/z)/((-2)/(-90)). What is the highest common factor of 18 and i?
9
Suppose -690 = 5*s - 50. Let p = -51 - s. Let b be 6/(-21) - 102/(-14). What is the greatest common divisor of b and p?
7
Suppose -2*v - 86 = -4*h, -2*v + 53 = -5*h + 163. Let n = h - -2. Let g = n - 18. Calculate the greatest common factor of 8 and g.
8
Let j = -122 - -130. Suppose 2*f - 5*a = 65, 2*a = 6*a - 12. Calculate the highest common divisor of j and f.
8
Let p be (3 - 4)*(-1 + (0 - 0)). Calculate the greatest common factor of 2 and p.
1
Let p be (-104)/(-24) - (-2)/(-6). Suppose 4*z + p*n = 224, 2*z + 3*z - 3*n - 280 = 0. Suppose 4*c - z = 2*c. What is the greatest common divisor of c and 42?
14
Let d(o) = 23*o**2 + 6*o + 11. Let g be d(-2). What is the highest common factor of g and 13?
13
Let o(x) = 10*x - 155. Let w be o(20). What is the greatest common factor of 20 and w?
5
Suppose 284 = -2*n + 54. Let x = n + 251. Calculate the highest common divisor of x and 17.
17
Let p(s) = 154*s**2 + 90*s - 4. Let f be p(-2). Calculate the highest common factor of 81 and f.
27
Suppose -2*t = -4*p - 40, -2*t - t - 5*p + 5 = 0. Suppose -3*b + t = -2*b. What is the highest common factor of b and 30?
10
Let f be ((-3575)/22)/(-5)*2. Suppose 3*b = 5*n - 50, -5*n + 15 + 30 = -4*b. Calculate the highest common divisor of f and n.
13
Let y(x) = -x**2 - 8*x + 3. Let z be y(-8). Suppose -10 = -z*h + 17. Let p be -3*((-192)/h + 0). Calculate the greatest common factor of 16 and p.
16
Let v be (-34 - (1 - 6))*(-55 + -4). What is the highest common factor of v and 29?
29
Suppose 2*y + 792 = 4*y. Suppose -3*w + n + 126 = 0, 124*n - 129*n - 146 = -4*w. What is the highest common divisor of w and y?
44
Let f = -6 + 4. Let d be 12 + -2 + 3 + f. Let m = 134 + -46. Calculate the highest common factor of d and m.
11
Let t(r) = r**3 + r + 246. Let m be t(0). What is the highest common divisor of m and 205?
41
Suppose 0 = -6*f + 209 - 149. Calculate the greatest common divisor of f and 22.
2
Let u = -457 + 479. What is the highest common factor of u and 165?
11
Suppose 32*r = 718 + 1458. What is the highest common divisor of 697 and r?
17
Suppose -24 = f - 2*o, o - 32 = 2*f + 22. Let i = f - -32. What is the highest common divisor of 12 and i?
4
Suppose -1553*f + 1568*f - 1950 = 0. What is the highest common factor of 330 and f?
10
Let r(k) = -13*k**2 + 3*k + 3. Let d be r(-5). Let g = -202 - d. What is the highest common divisor of 15 and g?
15
Let y = 23 - -11. Let r(n) = -17*n**3 - 2*n**2 + 12*n + 14. Let z be r(-1). Calculate the greatest common factor of y and z.
17
Suppose -4*b = 2*x - 8, 0 = 4*b + 3*x - 12. Suppose -5*q - 3*q + 312 = b. Calculate the greatest common factor of q and 26.
13
Let j(d) = 3*d + 12. Let n(b) = -b**2 + 3*b + 2. Let x be n(4). Let i be j(x). What is the high